 highest common factor of q and h?
16
Let z(p) = -p**3 + 12*p**2 + 11*p - 79. Let w be z(6). What is the greatest common factor of w and 1363?
29
Suppose 31*q = 3487 - 1784 + 5861. What is the greatest common divisor of q and 24?
4
Suppose -3*g + 3*u = u, -4*u = -g. Suppose g*z = 4*z + 5*j - 45, 0 = -z - j + 11. Calculate the highest common divisor of z and 14.
2
Let t(c) = c**2 + 5*c - 7. Suppose 9*g + 5 = 77. Suppose g*s = 6*s + 10. Let v be t(s). Calculate the highest common factor of 215 and v.
43
Suppose 23*f - 13*f - 1280 = 0. Calculate the greatest common factor of 32 and f.
32
Let f = -179 - -529. Let c(s) = -29 - 34*s - 16 + 27. Let t be c(-2). Calculate the highest common factor of t and f.
50
Let t(r) = r**2 - 10*r - 9. Let h be t(12). Let o = -3 + h. Suppose -148 = -8*f + o. What is the greatest common factor of f and 180?
20
Let g(z) = -2*z**3 + 172*z**2 - 171*z + 175. Let m be g(85). Calculate the greatest common factor of m and 243.
9
Let a = 67561 - 67374. Suppose -23 = 3*o - 4*c - 172, 4*o - 201 = 3*c. Calculate the highest common divisor of a and o.
17
Suppose 2*k + 238 - 434 = 0. Calculate the highest common divisor of k and 896.
14
Let s be -42*(20/(-30))/(4/(-6)). Let v = s - -45. Suppose 3*o - 5*m - 350 = 0, -5*o - 4*m = -v*o - 248. What is the greatest common divisor of o and 15?
15
Let s be -1308*(8/12 - (-34)/(-24)). What is the highest common divisor of 545 and s?
109
Suppose -10*q = 8*a - 7*q - 627, 5*a - 2*q = 388. Calculate the greatest common divisor of a and 2067.
39
Suppose -101*j + 96*j = 4*m - 1944, 1188 = 3*j - 3*m. Calculate the greatest common divisor of 637 and j.
49
Let p be -4 - -1 - (-56)/8. Suppose -a - p*k = -131, 11*a + 2*k = 10*a + 133. What is the greatest common factor of a and 54?
27
Let g = 320 - 322. Let n be (-78)/24*-28*(g - -3). What is the greatest common divisor of 1183 and n?
91
Let m be ((-4)/((-12)/(-15)))/1. Let q(f) = -f**2 - 9*f - 16. Let p be q(m). Suppose z = p*z - 18. Calculate the greatest common factor of 6 and z.
6
Let o(z) = 283*z + 9107. Let g be o(-28). What is the greatest common factor of 4901 and g?
169
Suppose 7*o = 4*t + 8*o - 51, -3*t + o = -47. Suppose -6*x - t*x = -440. Calculate the greatest common factor of x and 99.
11
Suppose -4*q + 198 = -2*d, 0 = -59*q + 60*q - 3*d - 37. What is the greatest common divisor of q and 1560?
52
Let b(d) = -4*d**3 + 291*d**2 - 70*d + 1286. Let o be b(72). Calculate the highest common divisor of 34 and o.
34
Suppose -16*x = -78 + 14. Suppose x*p - 2*n = 3*n + 805, -p + n = -201. What is the highest common factor of 40 and p?
40
Suppose 2*k + 4*c + 2 = -10, 5*k - 4*c = 26. Suppose -l - k*d + 15 = -0*d, 3*l + 5*d = 48. Let t = -74 - -158. What is the greatest common divisor of t and l?
21
Let d(o) = -36*o**2 - 6*o - 8. Let v be d(-2). Let m = v - -251. Let k be m - (12/(4 + 0) - 2). Calculate the highest common factor of k and 44.
22
Let j be (-5)/(-27 - 45839/(-1702)). Suppose -4*l = -4*q + 436 + 24, 0 = 5*q + 4*l - 539. Calculate the greatest common divisor of q and j.
37
Suppose -66*v + 725620 = -51*v + 131*v. Calculate the greatest common factor of v and 140.
70
Suppose 0 = 2*r - 0*r - 176. Let q be 9836/16 - 45/(-36). What is the greatest common divisor of q and r?
88
Suppose 5*p + 4*g - 14435 = 0, 7*g + 3275 - 11913 = -3*p. Calculate the highest common divisor of p and 49.
49
Let i = 2209 + -2153. What is the highest common divisor of i and 1708?
28
Suppose -99 = -5*c - 19. Let y be (8 + 8/(-1))/2. Suppose -u = 2*d - 140, y = -4*u + 3*d + 240 + 342. What is the greatest common factor of u and c?
16
Let d be (16*(-49)/42)/(2/(-3)). Let l = 11 - -3. Suppose 4*p - 2*p = l. Calculate the highest common divisor of d and p.
7
Suppose 0 = -3*i + 8 - 2, -2*i = 2*n - 6. Suppose n = -c + 3. Let a = c - -18. Calculate the greatest common factor of a and 8.
4
Let b = -30864 + 31120. Calculate the highest common divisor of b and 688.
16
Let c = 267 + -212. Let r be -1*(-3 - -4)*-111. Suppose 4*o - 329 = r. What is the highest common factor of c and o?
55
Suppose -o = -5*k + 274, 167 - 21 = 3*k + 4*o. Let j = 275 + -97. Suppose 2*q - j = -4*p, -46 = -q + 2*p + 27. Calculate the greatest common divisor of q and k.
27
Suppose 5*q = 7 + 13, -14344 = -4*g - 2*q. What is the greatest common factor of g and 28?
28
Let q be (-46)/483*14/6 + 580/18. Calculate the highest common divisor of q and 11488.
32
Let c(s) = 9*s**2 - 223*s - 118. Let y be c(26). Calculate the greatest common factor of 38472 and y.
168
Let p(i) = -i**3 - i**2 - i + 99. Let w be p(0). Suppose s - 5*h + 5 = -12, -h = 3*s - 29. Let c = s + 1. Calculate the greatest common divisor of w and c.
9
Let l(w) = 517*w. Let c be l(1). Let y be 39 - -11 - (73 + -34). Calculate the greatest common divisor of c and y.
11
Suppose -q = -5*d + 10 + 193, q - 197 = -5*d. Suppose 11*n = 4*s + 7*n - 68, 5*s + 5*n = 65. Calculate the greatest common factor of s and d.
5
Let c(l) = 2*l**3 - 6*l**2 + 4*l + 2. Let i be c(2). Suppose -3*m + i*o = -45, -11 = 2*m - 4*o - 49. Calculate the highest common factor of m and 39.
13
Let j(l) = -8*l + 946. Let d be j(14). What is the highest common factor of d and 6?
6
Suppose 0 = 2*l + 4 + 6, l + 1 = -4*u. Let q be (u + -2)/(3/33). Let s(p) = -3*p - 17. Let z be s(q). What is the highest common divisor of 8 and z?
8
Let l(h) = -80*h - 537. Let p be l(-8). What is the greatest common factor of p and 1133?
103
Let z be 2/1 + (9 - 9). Suppose -z*v = -6 - 16. Suppose 0 = -6*y + v*y - 45. What is the greatest common factor of 27 and y?
9
Let q be (1730/(-15))/((-1)/(-3)). Let o be q/(-38) - (-4)/(-38). Let z = -162 + 234. Calculate the highest common factor of z and o.
9
Suppose 4*o - 748 = 2*h, 7*o - 4*h = 5*o + 392. Calculate the greatest common factor of 280 and o.
8
Let f(x) = 29*x + 1049. Let t be f(-30). What is the highest common factor of t and 716?
179
Suppose 30*y = 50*y - 22420. What is the highest common divisor of 295 and y?
59
Let f be (29 - 10) + (-1 - 2). What is the highest common divisor of f and 484?
4
Let t be (3 - -3) + (-1)/(3 - (-28)/(-8)). Calculate the highest common divisor of 574 and t.
2
Suppose -138*j + 4291 = 27*j - 1154. Suppose -3*w + o = -34, 2*w - 18 = 3*o + 7. Calculate the greatest common factor of j and w.
11
Suppose 0 = 21105*y - 21126*y + 2289. Calculate the greatest common divisor of 11009 and y.
109
Let w(t) = -t**2 + 2*t + 235. Let r be w(0). Let c = 273 - r. Let o be (6/(-4))/(3/(-380)). Calculate the highest common divisor of o and c.
38
Suppose -64 = -2*k - 5*a, -k + 0*k - 4*a = -32. Suppose -r - 3*p - 11 = r, -2*r = -4*p - 24. Calculate the greatest common divisor of k and r.
2
Suppose 0*j + 3*z = 3*j + 192, -132 = 2*j + 2*z. Let t = 137 + j. Let i be 3/(-4) - 75/(-4). Calculate the greatest common divisor of i and t.
18
Suppose -3*g + 916 = m, -4*m = -5*g - 2796 - 834. Calculate the highest common factor of 2145 and m.
65
Let h(v) = 8*v - 6. Let z be h(2). Let o be (158 - -4)*z/4. Let s be (30/(-4))/(3/(-18)). Calculate the highest common divisor of s and o.
45
Let h be ((-7)/(175/20))/(-5*6/9225). What is the highest common factor of h and 533?
41
Let w(n) = 275*n + 25994. Let z be w(-91). Let b be (2*57/(-2))/(-1). What is the greatest common factor of z and b?
57
Let f = -614 + 480. Let x = -74 - f. Let u = 8 - 5. What is the highest common divisor of u and x?
3
Suppose 12*f + 76 = 14*f. Suppose -v + f = -60. What is the highest common divisor of 245 and v?
49
Let l be 3/21*49 - -5577. Calculate the greatest common divisor of 32 and l.
16
Suppose 4*c + 42 = -3*m - 118, -2*m = -5*c + 145. Let q = 48 - m. Suppose -2*f = -29 + 5. What is the highest common divisor of q and f?
12
Let u be 6 + -1 + (3 - 20). Let q be 5 + (-6)/u*-2. What is the greatest common factor of q and 4?
4
Suppose -154*w + 1827 = 107*w. Calculate the highest common divisor of w and 109.
1
Suppose 931 = -4*p - 1181. Let u = p + 554. Calculate the greatest common divisor of 143 and u.
13
Suppose -5*n - 4*m = -37803 + 6796, -30991 = -5*n - 2*m. Calculate the greatest common factor of 210 and n.
105
Let o be -3*(-4)/36*21 + 10643. Calculate the greatest common divisor of 150 and o.
150
Let z = 1171 + -1060. Calculate the greatest common factor of z a